base 8, what is 2243522 - 2?
2243520
In base 14, what is d180 + -1?
d17d
In base 5, what is -41003 + -11?
-41014
In base 10, what is -18939 + -249?
-19188
In base 8, what is 153153 - 4?
153147
In base 11, what is -1227 + 26?
-1201
In base 13, what is -1c1 + 25b8?
23c7
In base 4, what is 20132 + 1130?
21322
In base 16, what is -428 + 1?
-427
In base 4, what is -3123 - -21313?
12130
In base 3, what is 11212120 + 11011?
12000201
In base 3, what is -10 - -2201112?
2201102
In base 16, what is -36e + -3c7?
-735
In base 4, what is -113 - -300310?
300131
In base 7, what is -253543 + -50?
-253623
In base 12, what is -3189 - 8?
-3195
In base 2, what is -100000011 - -1011110?
-10100101
In base 7, what is -104556 - 3?
-104562
In base 4, what is -22101232 - 300?
-22102132
In base 16, what is -3b4 - 4?
-3b8
In base 16, what is -69d - -3b?
-662
In base 10, what is 232 - 31?
201
In base 6, what is 1510 + 1112?
3022
In base 6, what is -125444 + -331?
-130215
In base 7, what is -15 - -316616?
316601
In base 3, what is -10000122 + 22220?
-2200202
In base 13, what is 405 - 7?
3cb
In base 4, what is -3020 + 13203?
10123
In base 8, what is 0 - -7357?
7357
In base 4, what is 202300222 + -12?
202300210
In base 4, what is -12131 - 20201?
-32332
In base 10, what is 13715 + -4?
13711
In base 4, what is -21003 - -21130?
121
In base 5, what is 44000 + -2010?
41440
In base 16, what is -30ae1 + 3?
-30ade
In base 9, what is 0 - 170706?
-170706
In base 9, what is 7 + -3303?
-3285
In base 3, what is 1222112201010 + 0?
1222112201010
In base 14, what is -1c6 + -112?
-2d8
In base 8, what is 561 - 16236?
-15455
In base 14, what is 20336 - 1?
20335
In base 5, what is 1 - 234414402?
-234414401
In base 7, what is -5102151 + 4?
-5102144
In base 13, what is -1 - -72998?
72997
In base 8, what is -3243 + -120?
-3363
In base 9, what is -110 - -160?
50
In base 10, what is -9855 - 4?
-9859
In base 14, what is -24 + -33?
-57
In base 16, what is 1e + 283?
2a1
In base 5, what is -32143 + 4?
-32134
In base 9, what is 3 - 2264?
-2261
In base 5, what is 11 + 12042134?
12042200
In base 10, what is -4 + -410698?
-410702
In base 12, what is -ba71 - -2?
-ba6b
In base 5, what is 1021 + -1043?
-22
In base 7, what is 6 - 22543?
-22534
In base 8, what is 1 - 1321606?
-1321605
In base 2, what is 101 - -10111110011000110?
10111110011001011
In base 13, what is -88a + 24?
-866
In base 2, what is 100100110000 + -101011?
100100000101
In base 16, what is -3485c + 3?
-34859
In base 16, what is -3 + 5c39?
5c36
In base 16, what is 24db - 7?
24d4
In base 13, what is -40b1c1 - -2?
-40b1bc
In base 3, what is -1012112 - -1210?
-1010202
In base 2, what is 111011000 - -1001100?
1000100100
In base 8, what is -6770 - 17?
-7007
In base 16, what is a + 2724?
272e
In base 2, what is 1000101001110001 + 101?
1000101001110110
In base 5, what is -1420 - -110134?
103214
In base 15, what is -5 - bc25?
-bc2a
In base 15, what is 0 + -49e?
-49e
In base 14, what is -bc60 + 2a?
-bc34
In base 4, what is 31013332 + 100?
31020032
In base 16, what is 9744 + 2?
9746
In base 10, what is 3 - 1582?
-1579
In base 2, what is 101101010011 + 1010101101?
111000000000
In base 15, what is -b - 1211?
-121c
In base 2, what is -101 - 10111110101100?
-10111110110001
In base 7, what is 154441 - 5?
154433
In base 6, what is 111 + -21405?
-21254
In base 14, what is b79 - 1?
b78
In base 5, what is 0 - 1214023?
-1214023
In base 2, what is -11110 - -1110101110010?
1110101010100
In base 11, what is -47 - -711?
675
In base 14, what is 24cb + -13?
24b8
In base 7, what is 10435 - 122?
10313
In base 14, what is 0 - -28035?
28035
In base 3, what is -122100 - 20011?
-212111
In base 12, what is -70 - -5778?
5708
In base 5, what is -13 - -130010?
124442
In base 12, what is -17 - -266b1?
26696
In base 10, what is 6 + -102?
-96
In base 16, what is 9aa - -2e?
9d8
In base 5, what is -11 + -1102130?
-1102141
In base 12, what is -3132 + -13?
-3145
In base 3, what is -10 + 110000200?
110000120
In base 4, what is 11 + 1002132111?
1002132122
In base 14, what is -4 - -dd1?
dcb
In base 4, what is -11 + 1131302?
1131231
In base 4, what is 11 - -100102123?
100102200
In base 13, what is c - 806b?
-805c
In base 15, what is -2 - a5b?
-a5d
In base 16, what is 280b - 1?
280a
In base 15, what is 2aba5 + 1?
2aba6
In base 13, what is -10 - a7c17?
-a7c27
In base 9, what is 5 + 233357?
233363
In base 9, what is 12002 + 7?
12010
In base 5, what is -2113231 + 11?
-2113220
In base 7, what is -254 + -436?
-1023
In base 11, what is 275a67 + 2?
275a69
In base 12, what is 1137 - -1?
1138
In base 15, what is 143d - 1db?
1252
In base 9, what is 286100 + 3?
286103
In base 12, what is -4 - -132125?
132121
In base 13, what is -8 + 11a05?
119ca
In base 15, what is -c1bd - 5?
-c1c3
In base 2, what is -11011010110001101 - -11?
-11011010110001010
In base 14, what is 4 + -613?
-60d
In base 13, what is -25423 + 6?
-2541a
In base 3, what is 11 + -211120121?
-211120110
In base 14, what is -284cb + -5?
-284d2
In base 5, what is -202 - 10041311?
-10042013
In base 8, what is 1 - -276425?
276426
In base 10, what is -2 + 25283?
25281
In base 8, what is -7 - -5572?
5563
In base 5, what is 13112 + 1121?
14233
In base 10, what is -1741 - -23?
-1718
In base 14, what is 2aac + 1d?
2acb
In base 3, what is -10 - 121022202?
-121022212
In base 7, what is 312315 - -5?
312323
In base 16, what is -1da - 2ad9?
-2cb3
In base 10, what is -5 + -82762?
-82767
In base 12, what is 1b8 + 769?
965
In base 16, what is 1ba + 320?
4da
In base 4, what is -131232 + -1212?
-133110
In base 4, what is 313320011 + -2?
313320003
In base 4, what is -2 + 310313123?
310313121
In base 7, what is -5342326 - 1?
-5342330
In base 5, what is -40 - -2143110?
2143020
In base 5, what is 3024 + -3321?
-242
In base 10, what is 1606 + 16?
1622
In base 6, what is -1153423 + 121?
-1153302
In base 16, what is 1c2 - -5e?
220
In base 9, what is -48 - 2424?
-2473
In base 8, what is 107 - 137?
-30
In base 15, what is -2 - -4017?
4015
In base 10, what is 3624 - -15?
3639
In base 14, what is 3 + -1cd8?
-1cd5
In base 5, what is 143 + 3433111?
3433304
In base 7, what is -4152233 + 14?
-4152216
In base 2, what is 110101000000 + -1011?
110100110101
In base 8, what is -531511 - 5?
-531516
In base 2, what is -100100111001 + -10000?
-100101001001
In base 13, what is -3 - 95?
-98
In base 4, what is 10 + -202230311?
-202230301
In base 13, what is 0 - 4a89?
-4a89
In base 12, what is -1 - 3159?
-315a
In base 6, what is 11 + 50245?
50300
In base 3, what is 12222020 - 1201?
12220112
In base 4, what is -12300 - -10010?
-2230
In base 2, what is -100 + 11010011100100010?
11010011100011110
In base 5, what is -234204120 - 3?
-234204123
In base 6, what is 2032 + -451?
1141
In base 5, what is -10433 + 11214?
231
In base 15, what is -32d + -90?
-3bd
In base 11, what is 4 - -113180?
113184
In base 5, what is 21123224 - 2?
21123222
In base 2, what is 101 + -10000000111001?
-10000000110100
In base 6, what is 23 + -445?
-422
In base 7, what is 653 - 13116?
-12133
In base 10, what is 13838 - 5?
13833
In base 12, what is 116a0 + 2?
116a2
In base 8, what is 5 - 31011?
-31004
In base 3, what is 2011120002 - 10?
2011112222
In base 2, what is -101 + 111110110101110010?
111110110101101101
In base 16, what is -29b78a + 4?
-29b786
In base 4, what is 100 - 30321202?
-30321102
In base 11, what is 2224 - -6?
222a
In base 5, what is 2442241 - -4?
2442300
In base 14, what is 1ac4 + 1?
1ac5
In base 13, what is -46252 - -4?
-4624b
In base 7, what is -21532 - -336?
-21163
In base 4, what is 3223010 - -11?
3223021
In base 11, what is 3 - -15848?
15850
In base 10, what is -2 + -202976?
-202978
In base 13, what is a5 - 11?
94
In base 16, what is -1 - 3f92c?
-3f92d
In base 8, what is -15177 + 0?
-15177
In base 15, what is -18d + -839?
-9c7
In base 15, what is -156ae + 4?
-156aa
In base 13, what is -2 - 1637?
-1639
In base 16, what is -3 - 15bf?
-15c2
In base 8, what is -162411 - -26?
-162363
In base 11, what is 3 - -1aaa?
2002
In base 4, what is 233 - -1312232?
1313131
In base 2, what is 11001011011010011100 - -11?
11001011011010011111
In base 15, what is 367 - -364?
6cb
In base 15, what is 1d72 + 33?
1da5
In base 10, what is -4 + 10139?
10135
In base 9, what is -522 + -44?
-566
In base 3, what is -21012 + -22